ime number?
True
Is 1684915559 prime?
False
Is 2892852743 a prime number?
False
Is 40783471171 composite?
False
Is 314873387 composite?
True
Is 312328139 a prime number?
False
Is 1126143493 prime?
True
Is 13474514699 a prime number?
True
Is 6930412867 a composite number?
True
Is 182490247 prime?
False
Is 22705056355 composite?
True
Is 1267773851 prime?
False
Is 57193230637 composite?
False
Is 1157344753 a composite number?
True
Is 81106669331 prime?
True
Is 4966487 prime?
False
Is 1484624543 prime?
True
Is 358625843 a prime number?
False
Is 22384712899 prime?
False
Is 1599632669 a prime number?
True
Is 639950881 a prime number?
False
Is 612674927 a composite number?
True
Is 85629010667 prime?
True
Is 34713325077 prime?
False
Is 22123612333 prime?
False
Is 44088859414 prime?
False
Is 6119230297 prime?
True
Is 84761507 a composite number?
True
Is 3066144619 composite?
True
Is 3356818753 composite?
False
Is 127519489 prime?
False
Is 9195138677 a composite number?
True
Is 186712985 prime?
False
Is 4832321581 a composite number?
True
Is 20593688257 composite?
False
Is 144618989 a prime number?
True
Is 6366636247 prime?
True
Is 319350587 composite?
True
Is 2101167371 prime?
True
Is 2633306609 composite?
True
Is 178739630681 a prime number?
True
Is 10169851 composite?
True
Is 18606003443 composite?
False
Is 7206945377 composite?
False
Is 4305151379 a composite number?
True
Is 19148666461 prime?
True
Is 6710536913 a prime number?
False
Is 64836943 a composite number?
False
Is 15029970071 prime?
True
Is 1191036863 a composite number?
False
Is 2614049701 prime?
True
Is 54377665951 a composite number?
True
Is 663159787 a composite number?
False
Is 6357607097 a prime number?
False
Is 10176317959 composite?
False
Is 855645413 prime?
False
Is 7925592277 prime?
False
Is 10758170717 a prime number?
False
Is 29113815421 composite?
False
Is 355791013 a prime number?
True
Is 109159490603 prime?
False
Is 787070467 a prime number?
False
Is 4647877379 composite?
False
Is 63291334879 a composite number?
True
Is 181596253 a prime number?
False
Is 4538292487 composite?
False
Is 1534434533 a prime number?
True
Is 2456497814 prime?
False
Is 3459758794 a composite number?
True
Is 47709564007 a composite number?
True
Is 130957699 a prime number?
False
Is 52667780837 a composite number?
True
Is 51230640179 prime?
True
Is 74095936147 a prime number?
False
Is 26161447657 prime?
True
Is 77313720247 prime?
True
Is 2811534767 a prime number?
True
Is 625999677443 prime?
False
Is 1136055113 a composite number?
True
Is 1685454373 composite?
False
Is 1158060278 a composite number?
True
Is 3210111629 a composite number?
False
Is 79354666735 composite?
True
Is 122629164586 a composite number?
True
Is 2055691043 composite?
True
Is 125694869 prime?
False
Is 14312028959 a prime number?
True
Is 88405066577 composite?
False
Is 3544380107 a composite number?
True
Is 7548279449 prime?
False
Is 357376423 composite?
False
Is 190739093579 composite?
False
Is 3394342841 a composite number?
False
Is 3818302793 a composite number?
True
Is 67127966743 a prime number?
True
Is 518192887 composite?
False
Is 24879242489 a prime number?
True
Is 1086774473 a prime number?
False
Is 606966817 composite?
False
Is 16460431763 prime?
True
Is 2756666531 prime?
True
Is 2554109641 composite?
True
Is 56217093259 a prime number?
True
Is 8287690451 prime?
False
Is 18102593017 a prime number?
False
Is 1733262109 a prime number?
True
Is 1725426553 prime?
True
Is 67196685779 a composite number?
False
Is 39915777833 prime?
True
Is 31741657 composite?
True
Is 48098936647 prime?
True
Is 420464771 a prime number?
False
Is 3287607149 composite?
False
Is 25568245841 prime?
False
Is 34783633097 a composite number?
True
Is 1816470647 prime?
False
Is 2924303257 composite?
False
Is 47509183619 composite?
True
Is 44696455219 composite?
True
Is 106604870543 a prime number?
True
Is 1252182493 a prime number?
False
Is 37003378 a composite number?
True
Is 3521679334 prime?
False
Is 413239187 prime?
True
Is 21518589 composite?
True
Is 424806563 prime?
True
Is 18541979011 composite?
True
Is 1501399895 a prime number?
False
Is 12630867299 a prime number?
True
Is 8487134377 a prime number?
False
Is 38432695567 composite?
True
Is 118789921 prime?
True
Is 26334438791 a composite number?
True
Is 12370013287 composite?
False
Is 11688615293 a prime number?
True
Is 3355576669 composite?
True
Is 550183723 a prime number?
True
Is 1014175747 a composite number?
True
Is 264043433 composite?
True
Is 5049179579 prime?
False
Is 1464738961 a composite number?
True
Is 1206418987 a composite number?
False
Is 5881050307 a prime number?
False
Is 3458516111 a prime number?
False
Is 1916779691 a prime number?
True
Is 9962372977 composite?
True
Is 5217542773 a composite number?
True
Is 570301219 a prime number?
False
Is 35704491761 a composite number?
True
Is 7144445149 composite?
False
Is 546109259 a prime number?
True
Is 224412389 a prime number?
True
Is 15088883897 a composite number?
False
Is 831510469 composite?
False
Is 93484889681 a prime number?
False
Is 2049046529 prime?
True
Is 69084700357 a composite number?
False
Is 1797614297 a composite number?
False
Is 1258220581 prime?
False
Is 1883819203 prime?
False
Is 77579522 a prime number?
False
Is 1191431393 a prime number?
False
Is 335181173663 a prime number?
False
Is 1039675207 a composite number?
True
Is 1503692423 composite?
False
Is 243884829341 a prime number?
False
Is 8113995159 composite?
True
Is 191603171 prime?
True
Is 12528379229 composite?
False
Is 20982016007 composite?
False
Is 7079834939 prime?
True
Is 473203889 a composite number?
True
Is 1584547697 composite?
False
Is 33281459 composite?
False
Is 25194285409 composite?
True
Is 25342684271 composite?
True
Is 600356941 prime?
False
Is 11370564857 composite?
False
Is 621520817 prime?
False
Is 4576175921 a prime number?
True
Is 1602893549 prime?
True
Is 34890761 a prime number?
True
Is 38272321313 composite?
True
Is 39201233719 a composite number?
False
Is 927441439 a prime number?
False
Is 4565046287 prime?
False
Is 23382110069 a prime number?
True
Is 282618247 composite?
True
Is 105118703 a prime number?
False
Is 818122997 prime?
False
Is 6664122503 a composite number?
True
Is 2861097347 a composite number?
False
Is 7835251285 a composite number?
True
Is 1370415889 a prime number?
False
Is 45731995631 a prime number?
False
Is 558313733 a prime number?
True
Is 2610068807 a composite number?
False
Is 12854404069 a prime number?
False
Is 21921642991 prime?
True
Is 582936031 prime?
True
Is 10411094209 a composite number?
False
Is 15469832107 a prime number?
False
Is 31125215893 composite?
False
Is 499735667 composite?
True
Is 49036852279 a composite number?
False
Is 10358956757 composite?
True
Is 2323467961 composite?
True
Is 24712319867 composite?
False
Is 160188541 a composite number?
False
Is 9337131467 a composite number?
False
Is 28697287483 composite?
False
Is 44766971 prime?
False
Is 473886031413 a prime number?
False
Is 291465341 prime?
False
Is 49939892551 composite?
True
Is 133908289 a prime number?
False
Is 1602874909 a composite number?
False
Is 44765634363 prime?
False
Is 987983699 prime?
False
Is 1353441227 prime?
True
Is 58005049643 a composite number?
True
Is 323953 a prime number?
False
Is 1070506951 prime?
True
Is 74867061473 prime?
False
Is 13048721681 composite?
True
Is 337093734421 a prime number?
True
Is 6667311619 a composite number?
False
Is 2042808109 a composite number?
False
Is 21098272043 composite?
False
Is 9984676049 a composite number?
False
Is 136869517097 composite?
True
Is 872894593 a composite number?
True
Is 6416634359 a composite number?
False
Is 29755179763 a composite number?
False
Is 1111450159 a prime number?
False
Is 1174211719 prime?
True
Is 5755998349 prime?
True
Is 11629388921 a prime number?
True
Is 900909689 composite?
False
Is 24221915969 a composite number?
True
Is 112050447163 a prime number?
False
Is 1220974459 composite?
True
Is 55126399 a composite number?
False
Is 33710191003 a composite number?
False
Is 12400973647 a prime number?
True
Is 2321111141 a prime number?
False
Is 27701372971 a prime number?
True
Is 1582295909 a composite number?
True
Is 918247111 a composite number?
Tr